 -1))/(-2))/1. Let b be (-484)/2*(-7 + y/9). Suppose 651 = 5*r - b. Is r prime?
False
Suppose -6*h + 76*h = 374570. Is h a composite number?
False
Suppose -363113 = -3*k + 2*p, 8*k + 4*p = 3*k + 605203. Is k prime?
True
Suppose 627668 + 982773 = 63*n - 32788. Is n composite?
False
Let x = 237138 + -129295. Is x prime?
True
Let r(n) = 16773*n**3 - 3*n**2 + 4*n - 3. Is r(1) composite?
True
Let h = 21243 - -25946. Is h a composite number?
False
Let p = 926012 - 476695. Is p prime?
False
Is (-5178864)/(-14) + (-30)/(-210) a composite number?
True
Let c be (-2)/12 + (-387)/(-54). Suppose -4*d + 21 = -c*d. Let q(u) = 14*u**2 + 3*u + 12. Is q(d) a prime number?
True
Let u(n) = -765*n - 110. Suppose 3*y + 2*y - 3*h = -10, -4*h = -4*y. Is u(y) a prime number?
False
Let g(f) = 4*f - 5 - 1 - 2*f**2 - 1 + 20*f**3. Let c = 13 - 10. Is g(c) composite?
True
Suppose 0 = 94*a + 98*a - 8916288. Is a a prime number?
True
Suppose 0 = -9*m + 12837 - 2451. Suppose 5*o + m = 7209. Is o composite?
True
Suppose -3*q + 28 = -4*r, -3*r - 35 = -0*q - 4*q. Is 1531*(15 + (-64)/q) a composite number?
True
Suppose -3*o - 875269 = 143903. Is (-7)/(-4) - 1 - o/176 a prime number?
True
Let n(c) = 4554*c - 3327. Is n(9) a prime number?
False
Let v(h) = 3*h**3 + 3*h**2 - 8*h + 2. Let i(s) = -s**3 - 2*s**2 + 4*s - 1. Let p(x) = -5*i(x) - 2*v(x). Let u be p(3). Is 157/5 - (-5)/(25/u) a prime number?
True
Let l = -150774 + 274475. Is l prime?
True
Suppose -14429370 - 6542440 = -62*t. Is t a composite number?
True
Let b(m) = 867*m**2 + 9*m + 2. Let s be b(3). Let g = s - 615. Is g a composite number?
True
Let q = -1656 - -961. Let s = q + 1432. Is s composite?
True
Let i = -17337 - -33554. Is i a composite number?
False
Is (7 - -170166) + 2 + -13 a composite number?
True
Let f(r) = -114*r**3 - 2*r - 2. Let l(m) = m**3 + m**2 - 2*m - 1. Let i be l(-2). Let g be f(i). Let o = g - 49. Is o a composite number?
True
Let v(q) = -439*q**2 + 2*q + 10. Let h(w) = -878*w**2 + 4*w + 21. Let t(o) = -3*h(o) + 5*v(o). Is t(-4) composite?
False
Let y(g) = 6*g**2 - 44*g + 13. Let r be y(21). Suppose -r = 12*t + 2801. Let a = t - -769. Is a a composite number?
True
Let y be 2*(-15)/(-9)*12/10. Suppose -y*b - 6*s + 676 = -2*s, 3*s - 338 = -2*b. Suppose 245 = 6*r - b. Is r prime?
False
Suppose -5*m - 88 = -3*z, 5*m = m + 5*z - 73. Let t(l) = -36 - 2*l**2 + 0*l**2 + 27*l**2 + 18*l. Is t(m) a composite number?
False
Suppose 0 = -2*o + 9*o - 141386. Is 6/(-8) + 7 + o/8 prime?
True
Let d(x) = 4*x + 191. Let l(s) be the third derivative of -s**5/60 - 19*s**4/24 + 11*s**3 + 49*s**2. Let i be l(-22). Is d(i) prime?
True
Suppose 2*h + 4*l = 18, -4*h - 2*l + 24 = -0*l. Suppose -18*y - h*v = -16*y - 36809, 5*v - 55206 = -3*y. Is y a prime number?
True
Let m(g) = 4376*g**2 + 37*g - 10. Is m(9) a composite number?
False
Let v(o) = o**2 - 21*o - 27. Let d be v(20). Let y = d + 45. Is (y/(-6))/((-19)/(-151221)) prime?
False
Let h be (-2)/(-6) + 14/3. Suppose 0 = -4*n - h*f + 8563, -4*n + 10509 = -4*f + 1973. Let v = -1460 + n. Is v a prime number?
True
Let p be (-69 - 7)/((-3)/5667). Suppose -34*r + 14910 = -p. Is r composite?
True
Suppose 0 = 3*k - 4*t + t, 0 = -k - 5*t. Suppose -5*r - 2443 + 25548 = k. Is r a composite number?
False
Let n be (12/9)/(38/285). Is (-19066)/(23/(-69) - n/6) a prime number?
True
Suppose 570*p - 140086819 - 743852651 = 0. Is p a composite number?
False
Is (0 + (-884673)/(-45))/((-2)/(-10)) a composite number?
False
Is 2/(-7) + (-9)/42*(-497932)/6 prime?
True
Let w(f) = 325*f + 44. Let g be w(-4). Let l = -3 + 1. Is (1 - 0) + g/l prime?
False
Suppose -4*d + 18 = 2*b, 9*d - 7*d - b = 3. Suppose -n - 31774 + 12064 = -5*o, 0 = 5*o + d*n - 19730. Is o a composite number?
False
Suppose 8*q - 18 = 62. Let i(g) = 44*g**2 + 11*g - 19. Let p be i(q). Suppose 16*k = 13*k + p. Is k a prime number?
False
Suppose -4*l = 3*b + 294, -l + 2*b + 221 = -4*l. Is ((-44)/(-120) - 10/l)*9814 a prime number?
False
Let g be -3 - (-5 - -4) - 22. Let j be g/36*18/4. Is 36/24*(-862)/j prime?
True
Let c(q) = 1855*q - 60. Let g be c(4). Suppose -4*y - 3*a + 16964 + g = 0, 5*a = -y + 6081. Is y prime?
False
Let f(c) = -2063*c - 4524. Is f(-65) composite?
True
Suppose 13 = 2*t + 3*r - 19, r + 36 = 4*t. Suppose 14*q - 1932 = t*q. Let j = 954 - q. Is j prime?
False
Suppose -91*k + 11479785 = -9093404. Is k prime?
False
Let u(o) = -o**3 + 60*o**2 - 91*o + 129. Is u(38) a prime number?
True
Suppose -17290 = 4*k - h + 3*h, 5*k + 21610 = -5*h. Is (k/6)/((-8)/16) prime?
False
Suppose -3*h + 4*w - w + 72 = 0, -5*h + 2*w + 120 = 0. Suppose 28*s = h*s + 8. Suppose -4*j - 18923 = -m - 4*m, s*m - 7577 = -j. Is m composite?
True
Suppose -2*s + 4*g = -334314, -g - 271600 = -2*s + 62717. Is s composite?
False
Let b(z) = -2*z - 11 - 2 + 7 + 3*z + 102*z**2. Let k be b(-3). Suppose 568 = 4*g + 5*o - k, -o + 370 = g. Is g a composite number?
False
Is 8/(24/(-33)) - -106914 a composite number?
False
Suppose -15*n + 77*n = 260648. Let z = 763 + n. Is z a prime number?
True
Suppose 0 = -128*g + 127*g - 6703. Let l = 9546 + g. Is l a prime number?
True
Let c(j) = 912*j**3 + 20*j**2 - 25*j + 18. Let b(y) = -456*y**3 - 9*y**2 + 12*y - 9. Let h(w) = -7*b(w) - 3*c(w). Is h(2) prime?
False
Let n be 399/6 + (-2)/(-4). Suppose -7*z + 189 = -0*z. Let g = z + n. Is g a composite number?
True
Suppose m = 4*q + 19, 7*q = 2*q - 20. Suppose m*g = g + 276. Suppose -z - z = -g. Is z a prime number?
False
Let k = -16 - -30. Suppose k = 8*y - 2. Suppose 5*m = y*m + 1869. Is m a composite number?
True
Suppose -p = -4*v - 39263, v = 5*p + 56098 - 252489. Is p composite?
True
Let j = -11413 + 2683. Is (4/6)/((-20)/j) prime?
False
Let c = -82 - -89. Suppose -c*t + 10*t - i - 8328 = 0, 3*t - 8334 = -i. Is t prime?
True
Suppose -8 = 5*n - 7*n. Suppose -y + 11989 = -5*l + 1155, -4*y - n*l + 43288 = 0. Suppose r - y = -3*j, 2*j + 2*j - 14422 = 2*r. Is j composite?
False
Let p be 4/(-18) - (-8 - 1055/9). Is (-98403)/(-15) + (-150)/p composite?
True
Let g be -2 + 197 + (0 - 1 - -1). Let q be (4 + g/6 + -1)*-2. Is -4 + (q/(-4))/((-5)/(-380)) prime?
False
Let s(h) = 3830*h**2 - 2*h + 4. Let j be s(4). Suppose -j + 166189 = 9*w. Is w a composite number?
False
Let c be ((-30)/(-8))/(3/4). Let s = -6 + 11. Is 4968/s + 1/c*-3 prime?
False
Suppose 80*x - 176304 = 638816. Is x composite?
True
Let x(m) = -10*m**3 - 13*m**2 - 14*m + 19. Let f be x(13). Let i = f + 34763. Suppose -8*n - 89 + i = 0. Is n a prime number?
False
Suppose 2*y = -19*i + 22*i + 96345, 5*y = 2*i + 240857. Is y a prime number?
False
Let x be (-1122)/16 + (14/16)/7. Let y = -49 - x. Suppose 0 = 16*b - y*b + 5905. Is b a composite number?
False
Suppose -2*t + 11*t - 2697 = 6*t. Is t prime?
False
Suppose -p + 0*p - 2*t = -14, 21 = 4*p + t. Suppose -11665 = p*r - 9*r. Is r a composite number?
False
Let q = -64 - -66. Is (-10371)/q*28/(-42) composite?
False
Let q = -205988 + 2011807. Is q a composite number?
False
Suppose -3*o - 5*f = 359857 - 950421, -787403 = -4*o + 9*f. Is o a prime number?
True
Let a be (-2)/(-16)*4*22. Suppose f + a = 9. Is -8457*f/78 + (-4)/(-26) composite?
True
Let o(y) = -20*y - 2. Let i be o(-5). Let j = 102 - i. Suppose -2*h = g - h - 927, j*g = -5*h + 3712. Is g prime?
False
Suppose 1 + 51 = 3*x + 2*i, 4 = 2*i. Let a(m) = 5*m**2 + 16*m - 55. Is a(x) a prime number?
True
Suppose 128 = 10*w - 6*w. Suppose 16800 = w*s - 44480. Is s a composite number?
True
Suppose -2303 + 311 = -6*p. Let u = 687 - p. Is u a prime number?
False
Let o(h) = -198*h**2 + 7*h + 10. Let b(y) = -199*y**2 + 8*y + 10. Let t(r) = 5*b(r) - 6*o(r). Is t(3) composite?
False
Suppose 3*d - t - 11 = d, 0 = -3*d + 5*t + 34. Suppose -g = -2*g + d. Suppose a + v = -g*v + 187, -3*a - 4*v = -569. Is a a prime number?
True
Let x be ((-2)/6)/(1/(-9))*(5 + -6). Let w(p) = -4 + 0 - 6*p + 0 + 31*p**2. Is w(x) composite?
False
Let c(r) = 3*r**2 - 5*r - 3. Let q be c(6). Let d = 81 - q. Suppose 0 = -d*f - 0*f + 4614. Is f composite?
False
Let u be 8/(-72) + (-5802)/27. Let i be ((-66)/(-110))/(1/u). Let c = i - -752. Is c prime?
False
Let m(v) = 5*v**2 - 2*v + 24. Let b(w) = 14*w**2 - 5*w + 72. Let c(h) = 4*b(h) - 11*m(h). Is c(17) prime?
True
Let x = 4672 - -14500. Suppose -4*s - 3*v = s - 23957, -4*s - 4*v + x = 0. Is s a 